44.
2, 101161
What are the prime factors of 797837?
313, 2549
What are the prime factors of 211453?
11, 47, 409
What are the prime factors of 667930?
2, 5, 17, 3929
List the prime factors of 1566188.
2, 13, 30119
What are the prime factors of 273340?
2, 5, 79, 173
What are the prime factors of 446628?
2, 3, 7, 13, 409
What are the prime factors of 29895852?
2, 3, 7, 37, 9619
List the prime factors of 956742.
2, 3, 159457
List the prime factors of 3083038.
2, 7, 220217
What are the prime factors of 8010003?
3, 23, 29, 4003
List the prime factors of 7664631.
3, 13, 59, 3331
List the prime factors of 72649.
72649
What are the prime factors of 3495879?
3, 43159
What are the prime factors of 269727?
3, 89909
What are the prime factors of 587152?
2, 36697
List the prime factors of 239691.
3, 109, 733
List the prime factors of 1537214.
2, 7, 19, 5779
List the prime factors of 8517889.
23, 59, 6277
What are the prime factors of 5376071?
347, 15493
What are the prime factors of 576835?
5, 7, 16481
What are the prime factors of 28726493?
28726493
List the prime factors of 454510.
2, 5, 7, 43, 151
What are the prime factors of 887344?
2, 31, 1789
What are the prime factors of 2459066?
2, 181, 6793
What are the prime factors of 1548882?
2, 3, 3187
List the prime factors of 937534.
2, 13, 107, 337
What are the prime factors of 332320?
2, 5, 31, 67
What are the prime factors of 809770?
2, 5, 13, 6229
List the prime factors of 14953256.
2, 331, 5647
List the prime factors of 94989.
3, 31663
What are the prime factors of 1072264?
2, 134033
What are the prime factors of 3939506?
2, 71, 27743
What are the prime factors of 342138?
2, 3, 127, 449
What are the prime factors of 13849001?
13849001
List the prime factors of 1775762.
2, 79, 11239
List the prime factors of 16085559.
3, 7, 31, 24709
What are the prime factors of 1272145?
5, 7, 19, 1913
What are the prime factors of 293466?
2, 3, 59, 829
What are the prime factors of 19311602?
2, 9655801
List the prime factors of 160128.
2, 3, 139
What are the prime factors of 1128483?
3, 125387
List the prime factors of 1377542.
2, 71, 89, 109
List the prime factors of 2146555.
5, 37, 41, 283
List the prime factors of 1791456.
2, 3, 18661
List the prime factors of 8950383.
3, 13, 227, 337
List the prime factors of 91776.
2, 3, 239
What are the prime factors of 14683588?
2, 1811, 2027
What are the prime factors of 208390?
2, 5, 7, 13, 229
List the prime factors of 284737.
284737
List the prime factors of 220416.
2, 3, 7, 41
What are the prime factors of 18347633?
29, 632677
What are the prime factors of 4302859?
11, 443, 883
List the prime factors of 154507.
367, 421
What are the prime factors of 771564?
2, 3, 113, 569
What are the prime factors of 66455?
5, 13291
List the prime factors of 72739.
72739
What are the prime factors of 224130?
2, 3, 5, 31, 241
List the prime factors of 196628.
2, 49157
What are the prime factors of 334627?
23, 14549
List the prime factors of 17094085.
5, 457, 7481
What are the prime factors of 938068?
2, 19, 12343
What are the prime factors of 160537?
13, 53, 233
What are the prime factors of 10459626?
2, 3, 1743271
What are the prime factors of 732122?
2, 17, 61, 353
What are the prime factors of 97187?
97187
List the prime factors of 1034342.
2, 463, 1117
List the prime factors of 6100390.
2, 5, 41, 14879
What are the prime factors of 267663?
3, 11, 8111
What are the prime factors of 21344991?
3, 7114997
What are the prime factors of 116328?
2, 3, 37, 131
List the prime factors of 145365.
3, 5, 11, 881
What are the prime factors of 132169?
132169
What are the prime factors of 21101131?
17, 1241243
What are the prime factors of 624470?
2, 5, 7, 11, 811
List the prime factors of 643500.
2, 3, 5, 11, 13
What are the prime factors of 176696?
2, 13, 1699
What are the prime factors of 254634?
2, 3, 31, 37
What are the prime factors of 931278?
2, 3, 269, 577
What are the prime factors of 203197?
317, 641
What are the prime factors of 8955468?
2, 3, 101, 821
What are the prime factors of 33946?
2, 11, 1543
List the prime factors of 2035307.
29, 70183
What are the prime factors of 325607?
325607
List the prime factors of 1084743.
3, 11, 10957
List the prime factors of 58763.
58763
What are the prime factors of 213488?
2, 11, 1213
What are the prime factors of 12009195?
3, 5, 11, 8087
List the prime factors of 10422545.
5, 7, 19, 2239
What are the prime factors of 21329768?
2, 2666221
List the prime factors of 5825877.
3, 23, 3671
What are the prime factors of 1343119?
17, 41, 47
List the prime factors of 14736201.
3, 4912067
List the prime factors of 470745.
3, 5, 11, 317
List the prime factors of 211384.
2, 26423
List the prime factors of 320335.
5, 64067
List the prime factors of 1240248.
2, 3, 31, 1667
What are the prime factors of 187614?
2, 3, 7, 1489
What are the prime factors of 1892007?
3, 13, 103, 157
What are the prime factors of 31828?
2, 73, 109
List the prime factors of 1116063.
3, 13, 9539
List the prime factors of 187021.
29, 6449
What are the prime factors of 456193?
456193
List the prime factors of 240787.
19, 23, 29
List the prime factors of 2414019.
3, 113, 7121
What are the prime factors of 320829?
3, 229, 467
List the prime factors of 272931.
3, 90977
List the prime factors of 5978679.
3, 7, 17, 16747
List the prime factors of 23827602.
2, 3, 3971267
List the prime factors of 816976.
2, 51061
What are the prime factors of 360498?
2, 3, 60083
List the prime factors of 15088832.
2, 11, 21433
What are the prime factors of 877564?
2, 41, 5351
List the prime factors of 255188.
2, 131, 487
List the prime factors of 188711.
188711
List the prime factors of 2437304.
2, 304663
List the prime factors of 544894.
2, 7, 38921
What are the prime factors of 993720?
2, 3, 5, 7, 13
List the prime factors of 679082.
2, 17, 19973
What are the prime factors of 152081?
152081
List the prime factors of 10526.
2, 19, 277
List the prime factors of 2920559.
59, 839
What are the prime factors of 5083477?
7, 401, 1811
What are the prime factors of 7631628?
2, 3, 635969
What are the prime factors of 674507?
643, 1049
What are the prime factors of 1092936?
2, 3, 13, 31, 113
List the prime factors of 633815.
5, 7, 13, 199
What are the prime factors of 1952512?
2, 29, 263
List the prime factors of 536985.
3, 5, 11933
What are the prime factors of 2186?
2, 1093
What are the prime factors of 247730?
2, 5, 7, 3539
What are the prime factors of 1095745?
5, 7, 31307
List the prime factors of 22028156.
2, 5507039
What are the prime factors of 20211814?
2, 7, 31, 6653
What are the prime factors of 3154826?
2, 17, 92789
What are the prime factors of 3932929?
7, 11, 13, 3929
List the prime factors of 44063533.
61, 722353
List the prime factors of 2849913.
3, 11, 2617
List the prime factors of 695047.
695047
List the prime factors of 2027589.
3, 675863
What are the prime factors of 165188?
2, 61, 677
List the prime factors of 42097123.
139, 302857
What are the prime factors of 5422492?
2, 1355623
List the prime factors of 1707146.
2, 7, 61, 1999
What are the prime factors of 274208?
2, 11, 19, 41
What are the prime factors of 72177?
3, 7, 491
What are the prime factors of 2877308?
2, 7, 102761
What are the prime factors of 4366414?
2, 13, 29, 5791
List the prime factors of 21472.
2, 11, 61
What are the prime factors of 65323?
65323
What are the prime factors of 3443348?
2, 191, 4507
List the prime factors of 27395947.
37, 101, 7331
What are the prime factors of 14020?
2, 5, 701
List the prime factors of 10922025.
3, 5, 107, 1361
List the prime factors of 97464.
2, 3, 31, 131
List the prime factors of 1122789.
3, 31, 12073
What are the prime factors of 2008219?
2008219
List the prime factors of 655577.
13, 211, 239
List the prime factors of 350499.
3, 116833
List the prime factors of 177204.
2, 3, 14767
What are the prime factors of 1479433?
61, 79, 307
List the prime factors of 1451482.
2, 31, 41, 571
What are the prime factors of 5081939?
5081939
List the prime factors of 541509.
3, 180503
What are the prime factors of 2493162?
2, 3, 7, 47, 421
What are the prime factors of 11577986?
2, 7, 17, 48647
What are the prime factors of 346862?
2, 173431
List the prime factors of 211821.
3, 70607
What are the prime fact